- 55. Let o = -17 - d. Calculate x(o).
1
Suppose -5*i = -3*w + 1 - 19, 0 = 4*i. Let x(r) be the first derivative of -r**4/4 - 2*r**3 - r**2/2 + 2*r + 5. Give x(w).
8
Let b(r) = r - 4. Let h(j) = -2*j + 6. Let l(x) = 5*b(x) + 3*h(x). What is l(4)?
-6
Let r(y) = -y**3 + 9*y**2. Suppose 804 = 101*j - 4. Calculate r(j).
64
Suppose 8*x - 3*x = z, 0 = -2*z. Suppose -q + x*q = -3. Let b(w) = -1 - 3 - w**3 - 5*w**2 + 3*w + 2*w**q. Determine b(4).
-8
Let p(l) = -l**3 - 4*l**2 - 4*l - 4. Suppose 0 = 4*n + 2 - 10. Suppose -n*t + 4 = -6. Suppose 6 + 9 = -t*i. What is p(i)?
-1
Let a be (3 - 2)/(12/(-6))*-8. Suppose 0 = -a*p - 2*f - 6 - 16, 0 = 3*p + 2*f + 16. Let c(s) = s**3 + 6*s**2 + 6. Calculate c(p).
6
Let j(f) = -2*f**2 - 54*f - 50. Let k be j(-26). Let p(a) be the third derivative of 1/6*a**3 + 0*a**4 + 0*a + 1/12*a**5 + 0 + 3*a**k. Calculate p(1).
6
Let a = -27 + 30. Let o(r) = 2*r**2 - 3*r - 2. What is o(a)?
7
Let z(s) be the second derivative of -s**4/3 + s**3/3 - s**2 + 52*s + 2. Determine z(1).
-4
Let g(j) be the first derivative of -j**3/3 - j**2/2 - 3*j + 165. Give g(4).
-23
Let n be (-2 - -2) + -2 + 3. Let m(f) = 112*f - 224*f + 3 - 2 + 114*f. Determine m(n).
3
Let o(f) be the second derivative of -f**3/6 - 3*f**2/2 - 4*f - 120. Determine o(5).
-8
Let b(a) = -2*a + 3. Suppose 2*t - 6*t = -8, -t + 22 = -5*p. What is b(p)?
11
Let s = -34 - -54. Let b be s/5*26/2. Let r be b/14 - 6/(-21). Let w(c) = -c - 1. Determine w(r).
-5
Suppose 0 = s + 2*s - 9. Suppose -4*m - 5*y + 5 = -35, -s*y - 13 = -5*m. Suppose 0 = -i + 3*t + 6 + 2, -6 = -m*i - 2*t. Let z(a) = a**2 - a + 2. Determine z(i).
4
Let w(d) = d**3 + 6*d**2 - 3. Let k be w(-6). Let v = k - -5. Let i(j) = 2 + 3 - 4 - 15*j + 10*j. Give i(v).
-9
Let f(d) = d**3 + 3*d**2 - 3*d - 7. Let s be f(-3). Let y(v) = -13*v + 2. Let c(a) = 6*a - 1. Let o(r) = 7*c(r) + 3*y(r). What is o(s)?
5
Let b(g) = 11*g**3 - 32*g**3 + 20*g**3. Suppose -2*s + 4 = 6. Determine b(s).
1
Let q be (-11)/(-2)*(-9 + 11). Let g(v) = -4*v + 29 + v**2 - 8 - 6 - 9*v. Let f be g(q). Let o(a) = -a - 2. Determine o(f).
5
Suppose -50 = -9*o + 4*o. Let f = o - 8. Let p(q) = 4 + q**2 - 3*q + f*q + 2 - 2*q**2. Calculate p(0).
6
Let i be (-36)/48*(-11 - 1). Let g(x) = -x**3 + 9*x**2 - 3*x + 13. Calculate g(i).
-14
Let t(w) = w**2 + 9*w + 6. Let i be -4 - (-4 + 15 + 0 + -5). What is t(i)?
16
Suppose 1 = -5*u - 5*v + 4*v, 5*u - 5*v - 5 = 0. Let o(h) = 3*h + 4. Give o(u).
4
Let f = 16 - 11. Let u(r) = r**3 - 6*r**2 + 7*r - 6. Let w be u(f). Suppose 3*j + 3*s + 1 = -29, w*j - 3*s + 12 = 0. Let x(i) = i**2 + 8*i + 3. Give x(j).
-9
Suppose 5*y = -4*o + 71 - 8, -2*o + 9 = -5*y. Suppose r = 7*r - o. Let h(k) = -4 + k + 3 + r*k**2 + 3*k. Determine h(-3).
5
Let m(d) = 6 - 2 + 45*d + 2 - 49*d. Give m(3).
-6
Suppose 5 + 7 = j - 3*r, -3*j + 18 = -3*r. Let u(y) = 8*y**3 - 5*y**3 - 1 - 2*y**3 - 3*y**j + y. Calculate u(1).
-2
Let w(u) = 27*u + u**3 - 8 + u**3 - 29*u - u**3 + 7*u**2. Calculate w(-7).
6
Suppose 0 = 2*q - 6 - 4. Let a(f) = 0*f + q*f + 2*f - f. Let d = -79 - -77. What is a(d)?
-12
Let i = 342 + -334. Let h(z) = -z**3 + 8*z**2 + z + 2. Calculate h(i).
10
Let w(c) = c - 2 + 4 + 10*c**2 + 38*c**2 - 53*c**2. What is w(2)?
-16
Let d(m) be the first derivative of m**4/12 - m**3 - m**2/2 + 4*m - 3. Let c(u) be the first derivative of d(u). Let t be (9/2 - 2)*72/30. Calculate c(t).
-1
Suppose 0 = 5*v + 2*p - 36, -5*v + 12 = -5*p - 3. Let l(b) = -54*b**2 - 186*b - 12. Let s(r) = -19*r**2 - 66*r - 4. Let h(j) = 6*l(j) - 17*s(j). What is h(v)?
-4
Let q(c) = -2*c + 42. Let p(j) = 28*j - 150. Let a be p(6). What is q(a)?
6
Let k(z) = -z**3 - 6*z**2 - 3*z. Suppose -16*f + 3*f = 78. Calculate k(f).
18
Suppose 0 = 3*b - 4*o - 21, 0 = 2*b - 0*o + 2*o. Let y(a) = -5*a**2 - a**b - 6 + 2 + 2 - a. Let q(u) = 2*u - 9. Let s be q(2). Give y(s).
3
Let h be (60/14)/(4/28). Let a be (-32)/(-2)*15/h. Let j(w) = 3 + 4*w**2 + 1 + a*w + 4 - 13 - w**3. Give j(5).
10
Suppose 3*i - 8*i + 2 = -2*d, -4*i + 22 = -5*d. Let x(h) = h**3 + 7*h**2 + 34*h + 5. Let v(q) = 7*q + 2. Let z(g) = 4*v(g) - x(g). Give z(d).
3
Let g be 14/(-6) - 7/(-21) - -10. Suppose 0 = -11*m + 10*m - g. Let u(j) = j**3 + 8*j**2 + j - 1. Calculate u(m).
-9
Suppose 67*h = -737 - 469. Let m be 18 + 1 - 2/(-1). Let z = m + h. Let a(t) = -t + 4. Give a(z).
1
Let a = -901 + 897. Let o(j) be the first derivative of -j**4/4 - j**3 - j**2/2 - 4*j + 2. Calculate o(a).
16
Let x(r) = -2*r**3 + 13*r**2 + 4*r + 14. Let y be x(7). Let l = 13 + y. Let c(u) = 2*u - 9. Calculate c(l).
3
Suppose 4*i - 33 = i. Let d(s) = -2*s + 12. Let j be d(i). Let f(m) = -m**3 - 10*m**2 + 2*m + 14. What is f(j)?
-6
Let o(b) = 9*b + 60. Let h be o(-6). Let g(a) be the second derivative of h*a + 0*a**2 + 0 - 1/20*a**5 + 1/12*a**4 - 1/6*a**3. Calculate g(2).
-6
Let i(s) = -s + 8. Suppose 2*j + j = -18. Let v(u) = 1. Let c(w) = j*v(w) + i(w). Let g be (-10 + (11 - 0))/((-2)/(-6)). What is c(g)?
-1
Let u be (8 + -9)*-3 + (-9 - -5). Let l(c) = 25*c**2 - c + 1. Calculate l(u).
27
Let o = -26 + 40. Suppose 0*d + 2*d + o = 0. Let a(h) = -h + 1. Let r(m) = -m**3 - 6*m**2 + m - 3. Let n(u) = -5*a(u) + r(u). What is n(d)?
-1
Let m(j) = j**3 - 6*j**2 - 3*j - 3. Let x be (-1 - -13)/(-3)*3/(-2). Determine m(x).
-21
Let v(l) be the first derivative of -l**3/3 + 3*l**2 - 7*l - 226. Let t(b) = b**2 + b. Let h be t(-2). Suppose -6*f + 24 = -h*f. Give v(f).
-7
Let s be ((-3)/(-6)*-4)/(-1). Let b(j) = 1 - 2 - 2 - 5*j**2 - j**3 + 3*j + 6*j**s. Calculate b(2).
-1
Let o(i) = i**2 + 6*i + 9. Suppose -2*w = -5*d + 35, 2*w = 2*d - 11 + 3. Suppose 12*y - d*y = -18. Calculate o(y).
9
Let m = 37 - 32. Suppose 0 = -3*c + m*c + 12. Let o(f) = -f**3 - 7*f**2 - 10*f - 7. Give o(c).
17
Let q(k) be the third derivative of k**4/24 - k**3 - 7*k**2. Suppose -3*p - 2*p + 25 = 0. Give q(p).
-1
Let q(c) = -228*c - 225*c + 458*c + 1 + 5. Let w = -2 - 2. Calculate q(w).
-14
Let h(y) be the first derivative of y**3/3 - 5*y**2 + 14*y - 154. Give h(8).
-2
Let a(m) = -2*m - m - 4 + 0 - 1. Let q be a(-4). Let l = q + -9. Let s(n) = n**3 + 3*n**2 + 3*n + 1. What is s(l)?
-1
Let y(p) = -9*p - 3. Let n(m) = 7*m + 2. Let v(u) = -4*n(u) - 3*y(u). Calculate v(6).
-5
Let k(f) = -f**3 + 3*f**2 + 5*f - 2. Let u be k(4). Let o(s) = 2*s**3 - 3*s**u - 3*s**2 - 3*s**3 - 2 + 7*s + 0*s. What is o(-7)?
-2
Suppose 0 = 5*a + 5, 0 = 2*j - 0*a + a + 1. Let v = j + 2. Let s(b) = b + 0*b - 12*b + 8*b + 2. Determine s(v).
-4
Let q = -87 + 84. Let p(d) be the first derivative of -d**4/4 - 4*d**3/3 - 3*d**2/2 - d - 3. Calculate p(q).
-1
Let p(j) = -8*j + 9. Let r(k) = -7*k + 8. Let x(n) = -6*p(n) + 7*r(n). Suppose 0 = -14292*b + 14281*b + 55. What is x(b)?
-3
Suppose 4*t - 6*t = 8, 5*f - 2*t - 38 = 0. Let b(x) = 20*x**2 + 50*x + 33. Let m(z) = -7*z**2 - 17*z - 11. Let h(v) = f*b(v) + 17*m(v). Determine h(-9).
-7
Suppose 0 = -y - l - 2, 0 = -7*y + 4*y + 4*l + 1. Let z(a) be the third derivative of -a**4/8 - a**3/6 + a**2 - 34*a. What is z(y)?
2
Let y(u) = -u**2 - 6*u + 10. Let h(s) = -s + 1. Let t be (-1)/(-6)*2*-3. Let v(n) = t*y(n) + 3*h(n). Let x = -19 + 13. What is v(x)?
11
Let v(z) = -3*z**3 + 7*z**2 - 9*z - 3. Let s(g) = 8*g**3 - 14*g**2 + 17*g + 7. Let b(q) = 2*s(q) + 5*v(q). Give b(-8).
23
Let v(n) be the first derivative of 25 - 1/3*n**3 + n**2 - 2*n. Give v(3).
-5
Let c be -7 - (0 + -1)/((-2)/6). Let t(s) = -2*s - 13. Give t(c).
7
Suppose -o - 5*v = -10, 3*v - 8 = -o - 0*v. Let r(n) = n**3 - 5*n**2 + n - 4. What is r(o)?
1
Let b(w) = -20*w**3 - 25 + w - 13*w**3 - w**2 + 11 + 13. Determine b(1).
-34
Let b be -14*2/(-4) + -7 + 5. Suppose -3*d + k = -26, 47 = b*d - 3*k + 5*k. Let i(x) = -x + 13. Determine i(d).
4
Let t(w) = -w**3 + 7*w**2 + 2*w - 4. Let r(m) = -m**3 - 3*m**2 - 5*m - 5. Let q be r(-2). Let v be 7 + (q + 1 - 2). Give t(v).
10
Let u(p) be the first derivative of 3*p**2/2 - p - 1. Let x be 9/2 + 627/(-66). What is u(x)?
-16
Suppose -4*a - 3*m = -31, -8*a + 11*a - m = 20. Let t(p) = 2*p - 5. What is t(a)?
9
Suppose 19*f - 221 = -164. Let k(y) = 3 + 2*y - 3*y + y**2 - 4*y. What is k(f)?
-3
Let w(j) = 2*j - 5. Let u = 415 - 410. Calculate w(u).
5
Let q(i) = -59*i + 114165 - 114165. What is q(-1)?
59
Suppose -4*v + 13 = 5*l - 5*v, 5*l - 4 = -2*v. Let b(j) = -244 + 5*j**l + 4*j + 238 - 4*j**2